4*z**2 - 5*z - 532. Give s(-94).
-62
Let r(q) = -q**2 - 3*q + 39. Determine r(11).
-115
Let d(l) = 9*l + 53. Give d(-14).
-73
Let d(j) = 11*j + 207. What is d(-35)?
-178
Let i(u) = -330*u + 2312. Calculate i(7).
2
Let g(i) = -i**3 + i**2 + 5*i - 6. Give g(3).
-9
Let w(q) = -3*q**3 + 2*q**2 + 1. Give w(2).
-15
Let f(y) = -3*y - 139. Give f(-44).
-7
Let r(h) = 3*h**3 - 25*h**2 + 20*h + 112. Give r(5).
-38
Let o(c) = -9*c**2 + 33*c - 39. What is o(3)?
-21
Let j(a) = 2*a**2 - 7*a + 48. Determine j(12).
252
Let a(r) = -29*r + 6. What is a(1)?
-23
Let t(f) = -10*f**2 + 6*f + 17. Give t(-3).
-91
Let s(d) = 23*d + 197. Give s(-9).
-10
Let n(j) = 8*j**2 + 2*j + 24. What is n(4)?
160
Let o(k) = -k**3 - 112*k**2 + 461*k - 344. What is o(-116)?
4
Let c(x) = -3097*x + 12396. Determine c(4).
8
Let y(r) = -39*r + 58. Calculate y(2).
-20
Let i(r) = -r**3 + 52*r**2 + 54*r - 27. Give i(53).
26
Let f(a) = 8*a**2 - 127*a - 81. Determine f(16).
-65
Let w(k) = -2*k**3 - 29*k**2 - 20*k - 620. Give w(-15).
-95
Let p(d) = d**3 + 49*d**2 + 115*d + 989. What is p(-47)?
2
Let v(h) = h**2 + 170*h - 52321. Determine v(159).
-10
Let i(v) = 8*v - 44. What is i(12)?
52
Let r(s) = -42*s + 846. What is r(20)?
6
Let m(c) = 7*c**2 + 121*c + 30. Give m(-17).
-4
Let k(z) = z**3 - 30*z**2 - 43*z - 646. Give k(32).
26
Let w(s) = s**3 + 102*s**2 + 827*s - 939. What is w(-93)?
-9
Let l(r) = -r**3 - 50*r**2 + 104*r - 42. Give l(-52).
-42
Let k(r) = 30*r - 285. Determine k(7).
-75
Let r(x) = 51*x**2 - 1992*x + 2064. Calculate r(38).
12
Let b(r) = 2*r**3 + 74*r**2 + 79*r + 164. Calculate b(-36).
-88
Let b(w) = -159*w - 2132. Determine b(-14).
94
Let u(p) = p**3 + 23*p**2 - 1603*p - 35756. What is u(-22)?
-6
Let u(l) = -116*l - 1133. Calculate u(-10).
27
Let p(w) = -24*w**3 - 99*w - 98. Determine p(-1).
25
Let w(q) = -2*q**3 - 20*q**2 - 29*q + 15. Determine w(-7).
-76
Let q(a) = -156*a - 935. Determine q(-6).
1
Let k(i) = 42*i + 506. Calculate k(-14).
-82
Let u(f) = -f**3 - 49*f**2 + 516*f + 4. Give u(9).
-50
Let h(s) = 189*s + 232. Give h(-1).
43
Let z(m) = 91*m + 2238. Give z(-24).
54
Let p(y) = y**3 + 17*y**2 + 55*y - 51. What is p(-10)?
99
Let i(w) = -146*w + 1742. Calculate i(12).
-10
Let k(h) = 44*h + 32. Give k(-4).
-144
Let r(o) = -o**3 + 15*o**2 + 19*o + 45. Determine r(15).
330
Let r(n) = 1244*n + 8643. Calculate r(-7).
-65
Let x(u) = -35*u - 1481. Give x(-43).
24
Let m(w) = -36*w**2 + 14*w + 1. Give m(2).
-115
Let r(v) = -v**3 - 14*v**2 + 70*v + 1130. Calculate r(-11).
-3
Let r(m) = -14*m + 108. What is r(1)?
94
Let c(w) = -w**2 - 4*w + 1282. What is c(-38)?
-10
Let o(i) = -16*i**3 + 40*i**2 + 5*i - 8. Determine o(4).
-372
Let u(v) = v**3 - 53*v**2 - 53*v + 23. What is u(54)?
77
Let s(h) = -h**2 + 30*h + 1148. Determine s(52).
4
Let n(g) = -220*g + 2533. Calculate n(11).
113
Let b(j) = 831*j + 8299. Calculate b(-10).
-11
Let l(w) = 2*w**3 + 102*w**2 - 1218*w - 29. What is l(10)?
-9
Let u(f) = -21*f**3 - 6*f**2 + 13*f - 11. Determine u(3).
-593
Let r(v) = v**3 - 34*v**2 + 75*v - 2552. Calculate r(34).
-2
Let y(h) = -181*h + 700. Calculate y(4).
-24
Let f(j) = -10*j**2 - 69*j - 617. Determine f(-8).
-705
Let g(s) = -3*s**2 - 66*s + 113. Determine g(-28).
-391
Let k(d) = d**3 - 30*d**2 + 95*d - 327. What is k(27)?
51
Let g(x) = -x**2 + 893*x - 197806. What is g(486)?
-4
Let b(g) = 30*g - 281. Determine b(10).
19
Let m(w) = w**2 + 64*w - 739. Calculate m(10).
1
Let f(y) = 41*y - 800. Determine f(13).
-267
Let u(v) = 7*v**3 - 86*v**2 + 96*v + 3. Calculate u(11).
-30
Let u(f) = f**3 - 8*f**2 - 9*f + 106. Determine u(7).
-6
Let o(f) = 59*f - 79. Give o(4).
157
Let q(k) = 2*k**2 + 120*k - 486. What is q(-63)?
-108
Let s(o) = -2*o**3 - 4*o**2 + 10. Give s(-2).
10
Let n(a) = -a**3 - 2*a**2 - 66*a - 201. Calculate n(-3).
6
Let t(n) = -n**3 + 28*n**2 + 56*n + 78. Calculate t(30).
-42
Let x(g) = 312*g**2 + 14659*g - 217. Determine x(-47).
18
Let i(o) = o**2 - 398*o - 3244. Give i(-8).
4
Let s(x) = x**3 + 9*x**2 - 13*x + 3. Determine s(2).
21
Let t(f) = 38*f**2 + 1747*f - 74. What is t(-46)?
-28
Let y(f) = -249*f + 1829. What is y(8)?
-163
Let k(r) = r**3 - 12*r**2 - 58*r + 752. What is k(11)?
-7
Let u(a) = a**3 + 5*a**2 + 2*a - 5. Determine u(0).
-5
Let v(a) = -4*a**2 + 9*a - 2. What is v(-3)?
-65
Let s(d) = -289*d - 2041. Give s(-7).
-18
Let v(a) = -2*a**3 + 24*a**2 + a + 10. Determine v(12).
22
Let s(j) = 4*j**3 - 37*j**2 + 14*j - 57. Give s(9).
-12
Let x(t) = t**2 + 35*t - 2991. Calculate x(40).
9
Let y(u) = u**3 - 37*u**2 + 342*u + 10. Give y(18).
10
Let i(o) = o**2 + 313*o - 1596. Calculate i(5).
-6
Let a(u) = u**3 - 2*u**2 - 71*u + 35. Calculate a(-8).
-37
Let m(q) = q**3 + 17*q**2 - q. Give m(0).
0
Let q(x) = 6*x**2 + 21*x + 94. Give q(-5).
139
Let o(h) = 2*h**3 + 12*h**2 - 10*h + 2. Determine o(-7).
-26
Let j(b) = -47*b**2 + 2633*b - 51. What is j(56)?
5
Let h(o) = o**2 + 1298*o + 14172. Determine h(-11).
15
Let q(t) = 165*t + 1314. Calculate q(-8).
-6
Let l(y) = -2*y**2 - 128*y - 120. Give l(-63).
6
Let a(c) = -38*c + 956. Calculate a(21).
158
Let g(j) = -5*j**2 - 11*j - 54. Give g(-6).
-168
Let r(n) = 6*n**2 - 16*n - 400. Calculate r(9).
-58
Let i(b) = -285*b - 5109. Determine i(-18).
21
Let q(l) = -8*l + 287. What is q(24)?
95
Let r(t) = -t**3 - 20*t**2 + t + 14. Calculate r(-20).
-6
Let h(s) = s**3 + 13*s**2 + 3*s - 2. Determine h(-12).
106
Let o(m) = 2*m**3 - 113*m**2 + 51*m + 135. Give o(56).
-145
Let c(o) = 2*o**2 - 7*o - 116. Give c(8).
-44
Let f(a) = 19*a**2 - 30*a - 29. Give f(-1).
20
Let t(l) = -l**2 + 25*l - 130. What is t(13)?
26
Let x(j) = -11*j**2 + 217*j - 7. What is x(21)?
-301
Let n(z) = 21*z - 94. What is n(5)?
11
Let k(a) = 4*a**2 + 322*a - 8281. Determine k(-101).
1
Let q(n) = -10*n**3 + 82*n**2 - 124*n - 1. Calculate q(2).
-1
Let u(d) = d**3 - 14*d**2 + 4*d - 40. Calculate u(12).
-280
Let k(v) = 478*v - 10514. What is k(22)?
2
Let q(s) = 56*s + 2512. Determine q(-52).
-400
Let p(c) = -3008*c**2 - 15041*c - 9. Give p(-5).
-4
Let f(z) = 38*z - 51. Determine f(0).
-51
Let s(w) = -1330*w - 31913. What is s(-24)?
7
Let l(u) = -u**3 + 7*u**2 - 19*u - 1. What is l(4)?
-29
Let g(c) = 9*c**2 - 155*c + 108. What is g(16)?
-68
Let i(o) = -29*o**2 - 125*o + 60. Calculate i(-5).
-40
Let z(c) = 19*c - 207. Calculate z(-3).
-264
Let q(l) = -22*l**2 + 151*l + 22. Determine q(7).
1
Let c(n) = -25*n - 658. Give c(-28).
42
Let y(l) = l**3 - 14*l**2 + 10*l + 18. Determine y(13).
-21
Let g(i) = i**3 + 2*i**2 - i - 4. Calculate g(2).
10
Let b(l) = 6*l**2 - 358*l + 109. Determine b(59).
-127
Let k(z) = z**3 - 18*z**2 + 50*z - 35. Give k(5).
-110
Let i(o) = 172*o + 126. Calculate i(0).
126
Let d(f) = f**2 - 5672*f + 17012. Determine d(3).
5
Let l(m) = 106*m - 106. What is l(-4)?
-530
Let x(v) = v**3 - 8*v**2 + 22*v - 19. What is x(6)?
41
Let s(y) = -95*y - 93. Calculate s(4).
-473
Let b(a) = 17*a**2 + 292*a + 58. What is b(-17)?
7
Let h(b) = -b**2 - 36*b - 267. Calculate h(-11).
8
Let z(b) = 2*b**3 + 314*b**2 + 287*b - 3926. What is z(-156)?
-26
Let h(x) = 2720*x - 29912. What is h(11)?
8
Let n(y) = -9933*y - 19864. Determine n(-2).
2
Let h(l) = 3*l**3 - 9*l**2 - 41*l - 91. Determine h(6).
-13
Let x(u) = -215*u - 164. Calculate x(1).
-379
Let p(s) = 2*s**3 + 16*s**2 + 15*s + 18. Determine p(-6).
72
Let s(v) = v**3 + 34*v**2 + 96*v + 85. Give s(-31).
-8
Let n(p) = -p**2 - 2*p + 774. Determine n(-29).
-9
Let l(y) = -36*y - 19. Calculate l(-10).
341
Let t(x) = -239*x - 1901. Calculate t(-8).
11
Let t(y) = -2*y**3 - 9*y**2 - 21*y - 7. Calculate t(-3).
29
Let j(q) = -q**3 - 75*q**2 - 532*q + 266. Give j(-67).
-2
Let h(b) = -20*b**3 - 300*b**2 - 10*b - 147. Determine h(-15).
3
Let r(y) = y**2 + 79*y - 249. Give r(-81).
-87
Let n(z) = 73*z + 104. Calculate n(4).
396
Let m(t) = 83*t**2 - 2*t + 509. Calculate m(0).
509
Let o(v) = 3*v**3 - v**2 + 551*v - 1108. Give o(2).
14
Let o(v) = 17*v**2 + 17*v - 7. What is o(-3)?
95
Let v(f) = 98*f - 23836. What is v(243)?
-22
Let a(l) = -l**3 - 9*l**2 - 15*l - 53. What is a(-4)?
-73
Let a(c) = 3*c**2 - 300*c + 279. Determine a(99).
-18
Let d(v) = v**3 - 21*v**2 + 41*v + 12. What is d(19)?
69
Let x(g) = -g**2 + 68*g + 2188. Give x(92).
-20
Let u(c) = -39*c**2 - 20*c + 25. What is u(-1)?
6
Let y(c) = -c**2 - 37*c - 355. Determine y(-16).
-19
Let o(p) =